061802.
394
What is the highest common divisor of 13944 and 73025890?
1162
What is the greatest common divisor of 526922 and 29844617?
6127
What is the highest common factor of 11933536 and 1924?
148
Calculate the greatest common factor of 360 and 39495.
15
What is the greatest common factor of 72329598 and 54?
54
Calculate the highest common factor of 14247 and 637444023.
4749
What is the highest common factor of 48820615 and 40?
5
What is the greatest common factor of 1008 and 3971408?
112
What is the highest common divisor of 393117 and 4602?
177
Calculate the greatest common divisor of 145 and 5625304.
29
Calculate the highest common divisor of 5731348 and 205226.
1498
Calculate the highest common divisor of 116220018 and 1338.
1338
What is the greatest common divisor of 191267731 and 986?
493
Calculate the greatest common divisor of 32268 and 4542.
6
Calculate the greatest common divisor of 511401 and 264.
33
What is the greatest common factor of 40625531 and 658?
47
What is the greatest common divisor of 17696 and 4063444?
2212
What is the highest common divisor of 341771188 and 3460?
692
What is the highest common factor of 10590004 and 4?
4
Calculate the highest common factor of 464555 and 325.
65
Calculate the highest common divisor of 9990762 and 7902.
2634
Calculate the highest common divisor of 11877734 and 66.
22
What is the greatest common factor of 25194618 and 108?
54
Calculate the greatest common divisor of 36957 and 1826133.
381
What is the greatest common factor of 41004 and 9848799?
603
What is the highest common factor of 138785430 and 63?
21
What is the highest common factor of 665 and 12048337?
133
Calculate the highest common factor of 437664255 and 21.
21
Calculate the highest common factor of 312609 and 2827.
11
Calculate the highest common divisor of 10605 and 346043271.
2121
Calculate the greatest common divisor of 396315 and 75645.
45
Calculate the highest common divisor of 240841488 and 6945.
1389
What is the greatest common divisor of 416934 and 25579673?
7721
What is the highest common divisor of 1494995 and 40?
5
What is the highest common factor of 2505110 and 1840?
10
What is the greatest common divisor of 1944567 and 567?
81
What is the greatest common divisor of 161972176 and 5312?
1328
Calculate the highest common factor of 50518871 and 403.
403
Calculate the greatest common factor of 108 and 250830162.
54
Calculate the highest common divisor of 105327014 and 1131.
377
Calculate the greatest common divisor of 56115 and 100980.
45
What is the highest common divisor of 644634 and 52038?
1062
What is the highest common divisor of 62203 and 7735?
17
Calculate the highest common divisor of 5285 and 4981339.
151
Calculate the greatest common divisor of 10 and 1209826080.
10
Calculate the greatest common factor of 137 and 113785487.
137
Calculate the greatest common divisor of 1055099 and 3586.
163
Calculate the greatest common factor of 8256 and 43231168.
2752
What is the highest common divisor of 175 and 34858250?
175
Calculate the highest common divisor of 158 and 605.
1
Calculate the highest common divisor of 59871 and 392889.
21
What is the highest common divisor of 33242271 and 4047?
213
Calculate the highest common factor of 6787203 and 280419.
1329
Calculate the highest common divisor of 26300 and 2256.
4
Calculate the greatest common factor of 528 and 10170288.
48
What is the highest common divisor of 12213674 and 638?
22
Calculate the highest common factor of 71101 and 134872.
733
Calculate the highest common factor of 15139897 and 1706.
853
What is the greatest common factor of 20604 and 679677884?
6868
Calculate the greatest common factor of 3355128 and 81.
27
Calculate the greatest common factor of 561283 and 596.
149
Calculate the highest common factor of 46 and 97843886.
46
What is the highest common factor of 319406 and 696?
58
Calculate the greatest common factor of 164859348 and 108.
12
What is the greatest common divisor of 182825440 and 280?
280
Calculate the greatest common factor of 18830 and 377802430.
2690
Calculate the greatest common divisor of 294516662 and 3372.
562
What is the greatest common divisor of 6730 and 45?
5
Calculate the greatest common factor of 7535927 and 322.
161
What is the greatest common factor of 31 and 40874864?
31
What is the highest common factor of 65 and 906120?
5
Calculate the greatest common factor of 112 and 53523176.
56
What is the highest common factor of 32987292 and 156?
156
What is the greatest common divisor of 1888188 and 24?
12
What is the greatest common divisor of 4411814 and 66?
22
Calculate the highest common divisor of 5499515 and 875.
35
What is the greatest common factor of 442 and 128282?
34
What is the highest common divisor of 179460520 and 80?
40
Calculate the highest common divisor of 4972911 and 5964.
213
What is the greatest common divisor of 15727360 and 605?
55
Calculate the greatest common divisor of 324 and 33268.
4
Calculate the highest common factor of 1230 and 4703274.
246
What is the greatest common divisor of 2875 and 2515510?
115
Calculate the highest common factor of 345 and 48322195.
115
What is the greatest common divisor of 9118 and 293718134?
9118
What is the highest common factor of 533 and 76252605?
13
What is the highest common factor of 63 and 11189283?
21
Calculate the highest common factor of 55922736 and 42.
6
Calculate the greatest common divisor of 341579 and 155967.
49
What is the greatest common divisor of 283952928 and 1824?
96
What is the greatest common divisor of 1022078301 and 3519?
1173
What is the highest common factor of 48699870 and 390177?
14451
Calculate the highest common divisor of 12111 and 29856.
3
What is the greatest common divisor of 59273101 and 17?
17
Calculate the highest common factor of 318 and 15045428.
106
What is the highest common divisor of 134 and 3479444?
134
Calculate the greatest common factor of 24 and 721993416.
24
Calculate the highest common factor of 33327 and 369173.
161
Calculate the highest common factor of 1298291572 and 404.
404
What is the greatest common factor of 511660 and 7?
1
What is the greatest common factor of 1126377749 and 2989?
2989
What is the highest common factor of 2530 and 216990840?
110
Calculate the greatest common factor of 376 and 9642872.
8
What is the highest common factor of 222725847 and 4161?
4161
What is the greatest common factor of 2768 and 26664490?
346
What is the greatest common factor of 1179591799 and 71?
71
What is the greatest common divisor of 256524590 and 4935?
1645
What is the greatest common factor of 62475773 and 671?
61
Calculate the greatest common divisor of 2399316 and 70884.
2148
Calculate the greatest common factor of 291968 and 165248.
128
What is the greatest common divisor of 33 and 30134027?
11
What is the highest common divisor of 33604 and 541458?
542
What is the greatest common factor of 99 and 156194511?
33
What is the greatest common factor of 709891 and 174850?
3497
What is the greatest common factor of 8205375 and 19875?
375
What is the greatest common factor of 843710 and 850?
170
Calculate the greatest common divisor of 24888 and 14439188.
4148
Calculate the greatest common factor of 612780 and 1827420.
420
Calculate the greatest common divisor of 45 and 9544464.
9
Calculate the greatest common divisor of 37994118 and 66.
6
Calculate the highest common factor of 13419 and 688338.
189
What is the highest common divisor of 4094420 and 252340?
8140
Calculate the highest common divisor of 224160 and 976160.
160
Calculate the greatest common divisor of 856167 and 320073.
1131
Calculate the highest common divisor of 74813344 and 48.
16
Calculate the greatest common divisor of 6615 and 130948335.
2205
What is the highest common divisor of 89710212 and 828?
276
What is the highest common divisor of 116231 and 7614?
47
What is the highest common factor of 18191115 and 423?
423
What is the highest common factor of 65108 and 155964?
164
What is the highest common factor of 1062 and 4175856?
18
Calculate the highest common factor of 8671 and 80820129.
377
Calculate the highest common divisor of 306262859 and 763.
763
What is the greatest common factor of 390 and 197034?
6
What is the highest common factor of 23373 an